 Let v be o(f). Is (-3)/12 - 1167/v a composite number?
False
Is (0 + (-3 - -80))/1 prime?
False
Is (-5250)/(-18) - (-4)/3 a composite number?
False
Suppose -3*m = -11*m + 5048. Is m a prime number?
True
Let y(c) = 6*c**3 - 2*c**2 - 5. Let u(l) = -l**3 + l**2 + l + 1. Let d(w) = 4*u(w) + y(w). Let q = -1 + 4. Is d(q) a prime number?
True
Let m(b) = 2*b**2 - 6*b - 3. Suppose 3*x + 2*x - 35 = 0. Is m(x) a composite number?
False
Is (-2 - -3 - -776) + 4 a prime number?
False
Let f = -483 - -760. Is f a composite number?
False
Let l = -73 + 108. Let p = -12 + l. Is p composite?
False
Let l(z) = -z**3 - 8*z**2 - z - 8. Let k be l(-9). Let n = k - 27. Is n composite?
True
Let h(x) = -3*x**3 + 2*x**2 - x. Let o be h(1). Is o - (-166 + 0 + -3) prime?
True
Let r(w) = 2*w + 13. Let n be (-1 + 3/(-6))*-6. Is r(n) composite?
False
Let o = -1426 - -2061. Is o composite?
True
Is ((-1 - 5194)/5)/(1 + -2) a composite number?
False
Let z = -3186 - -5423. Is z a composite number?
False
Let f(i) = -35*i**3 + i**2 - i + 1. Let r be f(1). Let n = -15 - r. Is n a composite number?
False
Let a be (-1 - -2 - -1)*-1. Is 150/4 - (-1)/a prime?
True
Suppose 5*d + 4 = -1. Let w(s) = -4*s**3 - s - 1. Let f be w(d). Suppose 6*l - f*l - 110 = 0. Is l a prime number?
False
Let i(q) = -30*q - 23. Is i(-11) a prime number?
True
Let r(v) = 2573*v. Let g(a) = 31*a. Let t(i) = -248*g(i) + 3*r(i). Is t(1) prime?
True
Let d = -305 + 181. Is d/6*18/(-12) a composite number?
False
Let j(a) = -3*a + 35. Is j(-8) composite?
False
Let c(b) = -4*b**3 + b**2 + 10*b + 3. Let h be c(-8). Suppose 7*a = 12*a - h. Is a composite?
True
Is 4*-1 - (-18213)/13 composite?
True
Let b(x) = -3*x - 1. Let h be b(-1). Suppose 12 = -n - 5*v, -h*v = -4*n - v - 6. Is (-109)/(-2) - n/4 a prime number?
False
Suppose 4*n - 131 = 105. Is n a composite number?
False
Let j = -16 + 35. Suppose -j = -2*b + 79. Is b a composite number?
True
Suppose -2327 = -6*s - 7*s. Is s composite?
False
Suppose c - 725 = 2*w, 2*c - c - 713 = -2*w. Is c a prime number?
True
Is 4 + 3 + (1 - 1) composite?
False
Let z be (-1)/4 - (-2870)/(-8). Let w = 503 + z. Let p = -101 + w. Is p a composite number?
False
Suppose -6*q + 2*q = -364. Is q prime?
False
Let t(m) = 32*m**2 + 2*m - 1. Let l(o) = o**3 - 2*o**2 - 5*o. Let v be l(4). Suppose 0 = 2*q - 4*j - v, -13 + 1 = 3*j. Is t(q) a composite number?
True
Is (-4920)/(-12) + -1 + 0 a prime number?
True
Suppose 4*c - 16 = 0, -f = -4*f + 2*c + 46. Suppose 3*y = -2*w - 21, 4*w - y + f = -3. Is ((-148)/(-12))/((-2)/w) prime?
True
Let h(r) = 129*r**2 + 2*r + 1. Is h(2) a prime number?
True
Is (-2)/(-10) + 18088/35 a composite number?
True
Suppose -4*n - 5*w + 3238 = 280, -4*n - 2*w + 2952 = 0. Is n a composite number?
True
Let d = 945 + 1426. Is d a composite number?
False
Suppose 2*y + 5*u - 25 = 0, -3*y - u = u - 21. Suppose v = a + 15, -4*v = -y*a - 88 + 24. Suppose p + v = 2*p. Is p prime?
True
Let u be (-1 - (3 - 1)) + 7. Suppose 0 = -4*o - 16, 4*n = -u*o - 56 + 288. Is n a prime number?
False
Let f(g) = 2*g**3 - g**2 - 4*g + 1. Let c be (-2)/(-9) - 260/(-45). Is f(c) composite?
False
Suppose -m + 7 - 2 = 0. Let l(w) = -2*w**2 - 7. Let a(y) = -4*y**2 + y - 15. Let v(n) = 2*a(n) - 5*l(n). Is v(m) a prime number?
False
Suppose -2*w + 82 = -w - 3*d, -408 = -4*w - 4*d. Is w a composite number?
False
Let p = 22 - 19. Is p prime?
True
Let u = 835 - 378. Suppose -2*a - 4*o + 246 = 0, -4*a = o - 0*o - u. Is a prime?
True
Let d(t) = -2*t - 1. Let a be d(8). Let p = 23 + a. Is p a prime number?
False
Let l(t) = 67*t - 8. Let d be l(8). Suppose d + 67 = 5*k. Is k a composite number?
True
Suppose 2*b + f - 1023 = 0, -2*f = 4*b - 3*f - 2037. Suppose 2*q - 254 = -2*v - 38, -5*q = -v - b. Is q composite?
False
Let o(h) = h**3 + 5*h**2 + 4. Let m be o(-5). Suppose 5*i - 1223 = -m*z - 0*z, 312 = z - 5*i. Is z prime?
True
Suppose 0 = -84*g + 91*g - 7343. Is g composite?
False
Suppose 4*t - 4*j - 885 = -t, 5*j + 885 = 5*t. Let d = t - 66. Is d a prime number?
False
Suppose -5 = -5*m + 20. Suppose 4*g - m = 5*l, 0*g + 14 = -2*l + 4*g. Suppose -18 = l*p - 84. Is p composite?
True
Suppose -3*r - 19 = -2*c, 0*r - 3*r = -c + 14. Is (r/(-2))/(10/20) prime?
True
Let a(t) = 567*t - 8. Is a(3) a composite number?
False
Let l(q) = -12*q**2 + 4*q - 4. Let r(p) = 5 - 3 + 2*p**2 - 1 - p**2. Let h(a) = -l(a) - 2*r(a). Is h(2) prime?
False
Suppose 2*v = -t + 177 + 144, 5*t + 4*v - 1635 = 0. Is t composite?
False
Suppose 0 = z + 3*n - 29, -2*z + 0*n = 5*n - 61. Suppose -5*y + 8 = z. Is ((-12)/y)/(4/74) composite?
False
Let i be 36/8*4/6. Suppose i*r = r + 26. Is r prime?
True
Let w = 37 - -86. Let p = -80 + w. Is p a prime number?
True
Let k be (-1)/(-2) - (-49)/14. Suppose 2*q = 10 - k. Suppose -2*j + 0*h - q*h = -154, j + h = 77. Is j a prime number?
False
Let c = -113 - -315. Suppose 179 + c = 3*d. Is d a prime number?
True
Suppose -4*f - 20 = -4*x, 0*x - 20 = 5*x + 4*f. Suppose -b - 2*a = -63, b + a - 61 = -x*b. Is b composite?
False
Let c(a) be the third derivative of -a**4/24 + a**3 + 3*a**2. Let i be c(11). Is 7*19 + i + 3 a prime number?
True
Let j(u) = 4*u**2 - 2*u - 1. Let c(z) = z**2 - 2*z + 2. Let h be c(3). Is j(h) prime?
True
Let s = 1435 - 782. Is s composite?
False
Let i(k) = 13*k + 20. Is i(21) composite?
False
Let w(f) be the second derivative of f**5/20 - f**4/2 + f**3/6 + 4*f**2 + 2*f. Is w(6) a composite number?
True
Let j be (-2)/(-7) - 48/21. Let h be 2/(3 + j) - -31. Suppose 4*t - 51 = 5*z, -4*t = -z - h - 38. Is t composite?
False
Suppose 5*f - 8 = 3*f. Suppose f*h = 591 + 301. Is h prime?
True
Let o be (1/(-2))/((-7)/(-70)). Is 930/3 + (o - -2) composite?
False
Let k(l) = -2*l**2 - 5*l + 8. Let c(n) = n**2 - n - 1. Let a(z) = c(z) + k(z). Let w be a(-7). Let i(h) = h**3 - h**2 + h + 211. Is i(w) prime?
True
Let t = -22 + 368. Is t a composite number?
True
Let l(c) = 3*c**2 + c. Let h be l(-1). Suppose 0 = h*k + 2*y - 58, -9 - 44 = -2*k + 3*y. Let t = k - -5. Is t a prime number?
False
Let b(m) = -360*m + 13. Is b(-6) a prime number?
False
Let r = -77 - -132. Is r prime?
False
Let z(y) = 3*y - 5. Let c be z(-13). Suppose 643 = 4*u + 3*h - 0*h, -148 = -u - 5*h. Let o = c + u. Is o prime?
False
Suppose 4*g = -c + 2108 - 22, -5*c = -g + 511. Is g a prime number?
True
Suppose 2*a = 3*a. Suppose a*l + 113 = l. Is l a prime number?
True
Let z be 2/3*-1*291. Let a = z + 273. Is a a prime number?
True
Suppose 0 = -14*o + 9*o + 4*b + 5721, 0 = 4*o - 4*b - 4580. Is o a composite number?
True
Suppose 0 = -2*c + a + 9, -6*a = c - a + 1. Suppose -13 = -c*u - 1. Is -1 + u + 0 - -65 a prime number?
True
Let w = 4636 - 355. Is w a prime number?
False
Suppose 5*k - 5611 = 2*y, -3*k - y + 2216 = -1144. Is k a composite number?
True
Let w be -1 + 1 + (6 - 8). Let f = 0 + w. Is f/(0 + 2) + 4 composite?
False
Let r(a) = 3*a + 2*a**3 + 1 + 2 + 0 - a**2. Let j(o) = -5*o**3 + 2*o**2 - 8*o - 8. Let y(n) = 4*j(n) + 11*r(n). Is y(3) composite?
False
Let p = 27 + 5. Is 3/6*p + 3 a prime number?
True
Suppose 2*y + 2 = 3*y. Suppose -y*o = -o. Suppose -3*n + 33 = -3*b, o*n = 3*n + 3*b - 33. Is n prime?
True
Let b be 1161/15 + (-6)/15. Let x(t) = 38 + b + 2*t + t - 2*t. Is x(0) composite?
True
Is (0 + 653)*1 - (-2 - -2) a composite number?
False
Let a be 8 - (2 - (-1 + 2)). Suppose -4*j = -a*j + 18. Let b = j - 3. Is b a prime number?
True
Let v(y) be the third derivative of y**6/120 + 3*y**5/20 - 3*y**4/8 - 2*y**3/3 - 2*y**2. Is v(-7) a composite number?
False
Suppose 0 = 5*y + 3*n - 50, y + n = 2*n + 2. Let k be 2/y + 1503/7. Let u = k + -82. Is u composite?
True
Suppose 5*k - 2*g - 1037 = 0, -167 = 3*k - 3*g - 782. Let s be (-1)/(1/k*1). Let p = -118 - s. Is p prime?
False
Let h(m) = m**2 + 2*m + 8. Let d(t) = -3*t**2 - 7*t - 24. Let q(j) = -3*d(j) - 8*h(j). Is q(-7) a composite number?
True
Let z(n) = 83*n**2 + 2*n - 2. Is z(1) prime?
True
Let u(v) be the second derivative of -v**4/2 + v**3/6 - 3*v**2/2 - 3*v. Let s(c) be the first derivative of u(c). Is s(-3) a prime number?
True
Is 0 - 1 - (3 + -99) prime?
False
Suppose d - 17 = -m, -2*d - 4*m - 58 = -5*d. Suppose 5*b - 592 = d. Is b prime?
False
Suppose 3*o = 3*j - 30, 5*j = -0*o + 3*o + 46. Is j - (2 - 2) - 1 a composite number?
False
Is (-449)/(3/(-12) - 3/4) a prim